7
In base 3, what is 11012 - -101?
11120
In base 4, what is 20300 + -10?
20230
In base 14, what is 468 + 4?
46c
In base 11, what is -6 - 55?
-60
In base 12, what is -8 - 635?
-641
In base 10, what is -95 + 2?
-93
In base 16, what is 28 - 4?
24
In base 16, what is 3aa - 0?
3aa
In base 12, what is -5 - -55?
50
In base 2, what is -111010011 + 10?
-111010001
In base 10, what is 4 + 211?
215
In base 4, what is -10 - -311233?
311223
In base 6, what is 213 + -2?
211
In base 11, what is -1 + -158?
-159
In base 3, what is -1200 - -21?
-1102
In base 7, what is 3 + 40?
43
In base 16, what is 5 - 35?
-30
In base 6, what is -4 + 10433?
10425
In base 10, what is -36 + 126?
90
In base 10, what is 617 - -8?
625
In base 11, what is -3a - -4?
-36
In base 9, what is 115 - 3?
112
In base 13, what is 4 - -c0?
c4
In base 15, what is 6b - 0?
6b
In base 12, what is 3 - -2b9?
300
In base 12, what is 5 - -42?
47
In base 16, what is 3 - 199?
-196
In base 14, what is -4 - -5d6?
5d2
In base 12, what is 465 + 1?
466
In base 2, what is -10110 + -1?
-10111
In base 5, what is -240230 + 4?
-240221
In base 16, what is -2 + -f7?
-f9
In base 6, what is 30 + 251?
321
In base 9, what is 5 + -406?
-401
In base 6, what is -4 - -221?
213
In base 14, what is -5 - 82?
-87
In base 11, what is -11 - -10?
-1
In base 3, what is 2 + 11102020?
11102022
In base 12, what is -3 + 95?
92
In base 5, what is 4 + 223?
232
In base 3, what is 211112 - -10?
211122
In base 11, what is 0 + -328?
-328
In base 7, what is -3 + -46?
-52
In base 15, what is -1 - -10?
e
In base 3, what is 12 - 22002?
-21220
In base 15, what is -3 - -aa?
a7
In base 12, what is -66 + -5?
-6b
In base 11, what is -56 - 250?
-2a6
In base 13, what is 409 - a?
3cc
In base 6, what is 241 - 31?
210
In base 10, what is 2 + 16?
18
In base 6, what is 5 - 1542?
-1533
In base 15, what is 0 + 2b?
2b
In base 5, what is 201232 + 0?
201232
In base 12, what is 0 - -24b?
24b
In base 13, what is -4 + -a2?
-a6
In base 8, what is 102 + -2?
100
In base 16, what is 1 - -828?
829
In base 6, what is 25 + 3?
32
In base 11, what is 0 - 64a?
-64a
In base 14, what is -4 + -25?
-29
In base 3, what is -1022001201 + 11?
-1022001120
In base 14, what is -3 + -61?
-64
In base 8, what is 17 + 733?
752
In base 10, what is -9 + -60?
-69
In base 14, what is 6 - 9b?
-95
In base 12, what is -3a1 - -1?
-3a0
In base 2, what is 101 - 101111?
-101010
In base 16, what is -1d - 6?
-23
In base 7, what is 4 - -34?
41
In base 10, what is 2175 - 1?
2174
In base 12, what is -233 + 64?
-18b
In base 14, what is 0 - 41?
-41
In base 5, what is -1 + -11222?
-11223
In base 12, what is -6 - -13?
9
In base 12, what is 2123 - 4?
211b
In base 2, what is 0 + 10000011101?
10000011101
In base 4, what is 12 - -313?
331
In base 2, what is -100 + -101010000?
-101010100
In base 2, what is 11 + 1000111000?
1000111011
In base 11, what is -11 - -2?
-a
In base 10, what is -1410 + -5?
-1415
In base 11, what is 88 + -8?
80
In base 9, what is 3348 - 0?
3348
In base 8, what is 157 + 10?
167
In base 13, what is -4 + 121?
11a
In base 6, what is 2 + -202?
-200
In base 10, what is 816 + -4?
812
In base 7, what is -1 + 11656?
11655
In base 9, what is -477 - 0?
-477
In base 14, what is -d0 + 1?
-cd
In base 9, what is -18 + -22?
-41
In base 10, what is -46 + -47?
-93
In base 9, what is 131 + -3?
127
In base 15, what is -12 + -92?
-a4
In base 7, what is -5 + -10433?
-10441
In base 4, what is 320 + -330?
-10
In base 10, what is -235 - 4?
-239
In base 9, what is 2 + 47?
50
In base 10, what is 72 - 1?
71
In base 15, what is 1aa - 17?
193
In base 3, what is 111 + -110022?
-102211
In base 9, what is 21 - 65?
-44
In base 7, what is 122 + -5?
114
In base 7, what is -1320 + 4?
-1313
In base 5, what is -21 - -31?
10
In base 7, what is 0 + -12366?
-12366
In base 9, what is -5 + 368?
363
In base 13, what is 2555 - -3?
2558
In base 5, what is -1 + -130?
-131
In base 4, what is -3 - -12?
3
In base 9, what is 335 + 8?
344
In base 4, what is 10 - 2300?
-2230
In base 2, what is -111 - 1011101011?
-1011110010
In base 10, what is -6 - 8?
-14
In base 12, what is -72 + 4?
-6a
In base 7, what is 50 + 4?
54
In base 12, what is -8 + 4a7?
49b
In base 7, what is 132 - -10?
142
In base 3, what is 10100222 - -11?
10101010
In base 2, what is -10010 + -1010?
-11100
In base 15, what is 26 + -12?
14
In base 11, what is -5 + -294?
-299
In base 13, what is 1c4 + 1?
1c5
In base 4, what is -333301 - -10?
-333231
In base 13, what is -15 + -b?
-23
In base 12, what is 20 - 9?
13
In base 7, what is 3 + 355?
361
In base 2, what is 1 + 10010101?
10010110
In base 4, what is 1301 - -123?
2030
In base 5, what is -11100 + 3?
-11042
In base 14, what is -2b - -1?
-2a
In base 10, what is 17 - 13?
4
In base 9, what is -145 - -1?
-144
In base 13, what is 27 - -7?
31
In base 10, what is -25 + 4?
-21
In base 13, what is -5 - 1?
-6
In base 5, what is 4 + -31143?
-31134
In base 14, what is 0 - 11?
-11
In base 13, what is 3 + -34?
-31
In base 12, what is 6 + -43a?
-434
In base 2, what is -1010000110 - 100?
-1010001010
In base 12, what is 5 - 186?
-181
In base 15, what is -352 - 4?
-356
In base 11, what is -a + -2a5?
-304
In base 6, what is 5 + -335?
-330
In base 15, what is -27 + 2?
-25
In base 8, what is 4 + -7735?
-7731
In base 3, what is -101101 - 122?
-102000
In base 12, what is 16 - -21?
37
In base 5, what is -1 - -101?
100
In base 14, what is -9 + 0?
-9
In base 8, what is -15 - -34?
17
In base 5, what is 0 - -1?
1
In base 5, what is -1 + -1142?
-1143
In base 15, what is 6 + 6a6?
6ac
In base 3, what is -21222102 + 11?
-21222021
In base 4, what is -101101 + -11?
-101112
In base 6, what is -4342 - 4?
-4350
In base 9, what is -23 + 4?
-18
In base 15, what is -1283 + 0?
-1283
In base 7, what is -1 + 1020?
1016
In base 6, what is -551 + -13?
-1004
In base 8, what is 45 + -2?
43
In base 4, what is -2 - -13?
11
In base 11, what is 2 - -30?
32
In base 14, what is 108c + -1?
108b
In base 3, what is 10 - 11111?
-11101
In base 14, what is -19 - 1b5?
-1d0
In base 10, what is 4 - -209?
213
In base 14, what is 7a + 0?
7a
In base 14, what is -6 - 14?
-1a
In base 3, what is 2110 + 10?
2120
In base 10, what is 10 - 4?
6
In base 16, what is -1f1 + e?
-1e3
In base 16, what is 3c7 + 0?
3c7
In base 10, what is -2 + 91?
89
In base 5, what is -3 + 23111?
23103
In base 8, what is 257 - 55?
202
In base 3, what is 212 + -101?
111
In base 14, what is -9 + bd?
b4
In base 9, what is 50 + -47?
2
In base 10, what is 5 + 191?
196
In base 9, what is 0 + -18?
-18
In base 6, what is 301 + 10?
311
In base 2, what is -111001 + -101011?
-1100100
In base 2, what is 111 + -11?
100
In base 3, what is 2001112 - 11?
2001101
In base 6, what is 33 + 44?
121
In base 2, what is 10011010010 - -100?
10011010110
In base 6, what is -14 - 403?
-421
In base 10, what is -5 - -160?
155
In base 4, what is -23 + -1301?
-1330
In base 2, what is -10001 + 100001?
10000
In base 14, what is -5 - -76b?
766
In base 5, what is 1 - -13?
14
In base 12, what is -5 + 75?
70
In base 8, what is 43 + 3?
46
In base 2, what is 101 + -101111?
-101010
In base 14, what is 0 - -10?
10
In base 3, what is -2020 - 1?
-2021
In base 15, what is -24 + -1c?
-41
In base 3, what is -211 - 12?
-1000
In base 14, what is -12da + 2?
-12d8
In base 5, what is -1102 - 1?
-1103
In base 6, what is -3 + 105?
102
In base 5, what is -1424 - 4?
-1433
In base 16, what is 31 + -c6?
-95
In base 8, what is -564 - 3?
-567
In base 2, what is -111100010 + 1?
-111100001
In base 8, what is -221 - 0?
-221
In base 15, what is -89 - -a?
-7e
In base 4, what is 310 - 1020?
-110
In base 14, what is -17 + 2?
-15
In base 16, what is 21d - 5?
218
In base 10, what is 38 - -10?
48
In base 7, what is -10 - 2?
-12
In base 7, what is 116 - -102?
221
In base 11, what is 1141 - -6?
1147
In base 14, what is 5 - -709?
710
In base 13, what is -3 - -45?
42
In base 2, what is -11000 - -1?
-10111
In base 10, what is 1380 + -3?
1377
In base 11, what is -545 + 5?
-540
In base 4, what is 11011 - 2?
11003
In base 9, what is -355 - 7?
-363
In base 5, what is -1 - -10004?
10003
In base 14, what is 28 + -26c?
-244
In base 16, what is 0 + -138?
-138
In base 7, what is -31640 - 3?
-31643
In base 5, what is -312 + 13?
-244
In base 3, what is -11222 - -22?
-11200
In base 6, what is 24 + 2023?
20